 + 30*p - 61. Let f be x(19). Suppose 0 = 2*g + 4*o - 5630 - f, 3*g - 4*o - 25985 = 0. Is g prime?
True
Let n = -16 + 17. Let i be -482*10/(-4) + n. Suppose -7*a = 359 - i. Is a prime?
False
Suppose -4*f - 2259 = -q + 15, -2*q + f = -4527. Let z = 4076 - q. Is z prime?
False
Suppose 4*p - 4*h + 8936 = 2*p, -2*h - 8912 = 2*p. Let k = p + 8449. Is k composite?
False
Let p(r) = 3*r - 45. Let s(q) = -q + 15. Let k(z) = 4*p(z) + 11*s(z). Let h be k(3). Is 54 - 1 - (12 + h) a composite number?
False
Suppose -5*x - 3*j = -0*j - 868, 350 = 2*x + 4*j. Suppose -124 = -4*h - 2*q, 5*h = q + x - 4. Suppose 32*u + 977 = h*u. Is u prime?
True
Let v = 81 + -76. Suppose -5*m = 4*u - 128251 - 9800, -5*m = v*u - 138050. Is m a composite number?
False
Suppose 4*c - 8 = 0, -5*b + 2767037 = 5*c - 1393468. Is b composite?
True
Let d be (6/5)/(3/(-30)*-4). Suppose d*b + 3*o - 26060 - 1618 = 0, -b + 9224 = 3*o. Is b composite?
False
Let h be (-6 + -1)*1 - -2. Let i(w) = 32*w**3 + 7*w**2 - w - 16. Let x be i(h). Is x/(-6)*(4 - 25/10) a prime number?
False
Let h = -262 + 286. Suppose -h*a - 3503 = -25*a. Is a a composite number?
True
Let i = 2302 - 2309. Let o(t) = -74*t - 33*t - 20 + 4*t. Is o(i) prime?
True
Let s = -59159 + 111933. Is s composite?
True
Let j(w) = w**3 + 11*w**2 + 11*w + 22. Let d be j(-10). Suppose -d*o - 2186 = -13*o. Let n = o + -1137. Is n composite?
False
Let a(r) = r - 19. Let m be a(11). Let x = m - -10. Suppose 0 = -3*g - 3*q - x*q + 1214, -5*q = 4*g - 1627. Is g composite?
True
Let g(i) = -186*i - 739. Let k be g(-4). Let v be 1459 - -1*(-1 - -1). Suppose k*x - 651 = v. Is x a composite number?
True
Let r = 9429 + 27004. Is r composite?
False
Let o(y) be the first derivative of 441*y**2/2 - 2*y - 73. Is o(7) prime?
False
Let o = -300 - -305. Suppose -3*z = -o*b + 70618, -4*b - b + 70611 = 4*z. Is b prime?
False
Suppose -95*k = -90*k - 150. Let v be ((-224)/(-140))/(4/k). Suppose -5*q = v*q - 112693. Is q a prime number?
False
Let b = -12114 - -12495. Let q = 34 + 212. Suppose g + q = -a + 615, 5*a + b = g. Is g composite?
True
Suppose 173*l - 2409312 = 125*l. Is l a composite number?
True
Is (138047 - -6) + 0/(14 + -6) composite?
False
Let w be (4/8 - (-2 - 0))*2. Is 341 + (1 - (6 - w)) composite?
True
Suppose 186 = b - 5*m, m - 659 = -5*b + 167. Let k(w) = -4*w**2 - 6*w - 19. Let a be k(-5). Let g = a + b. Is g prime?
False
Let z be (-2)/5 - (-137)/5. Let t(g) = 2673*g - 129 + z*g + 128. Is t(1) a prime number?
True
Let m(h) = 310*h - 12. Let o be 3/(-2)*(-136)/51. Let x be m(o). Suppose -15*f = -11*f - x. Is f a composite number?
False
Let f = -142 + 156. Suppose -5*w + 17*q = f*q - 18200, 7294 = 2*w - 4*q. Is w prime?
True
Let i(t) = -38*t**3 + t**2 + 33*t + 23. Suppose 199*z - 24 = 203*z. Is i(z) a composite number?
False
Suppose -18*h + 21*h = -g + 47188, 2*g + 2*h = 94396. Is g prime?
False
Suppose -35*p - 544693 + 11989098 = 0. Is p a prime number?
True
Is (18 - (9 - 0)) + 8544*22 a composite number?
True
Let s be (-303)/(2 + -5) + -2. Suppose 0 = -3*p - 2*h + 2917, s = -3*p - 5*h + 3022. Is p a prime number?
True
Let j(r) = r**3 - 14*r**2 - 71*r - 21. Let x be j(22). Let u = x + 3050. Is u a prime number?
False
Let b = 77836 + 75891. Is b a composite number?
True
Let c(p) = -48*p**3 + 1730*p**2 - 5*p - 16. Is c(13) a prime number?
False
Is ((-145)/(-58))/((-5)/(-38554)) prime?
False
Let x = -135 + 145. Suppose 0*m = -5*m - x, 4*m = -2*o + 5688. Suppose -o - 5080 = -4*a. Is a composite?
True
Is (-10430609)/(-63) - 4/18 prime?
False
Is -7 + ((-1366162)/28)/((-2)/8) prime?
False
Let t(l) = 89*l + 10874. Is t(7) prime?
True
Let m(g) = g**2 + 8*g + 11. Let q be m(-8). Suppose -16*f + q*f = 400. Let c = f - -117. Is c prime?
True
Let s be (13970/8)/(-2 + 72/32). Suppose -5*b = -5*a + s, -2*a + 3*b + 2794 = 7*b. Is a a composite number?
True
Let r = 193430 - -32783. Is r prime?
False
Let g(l) = 10*l**3 + 2*l**2 + 3*l + 2. Let p be g(-1). Let d = p + -3. Is (-2)/(-6) - (3536/d + 4) composite?
True
Is (16 - 17)*(1 - (41*4565 - 1)) a composite number?
False
Let m(i) = -4*i**2 + 26*i - 50. Let a be m(4). Is (2 + (-5 - a))/((-7)/(-16723)) composite?
True
Let t be (-1)/(-2) - (-4)/(-56)*7. Suppose t = 73*j - 80*j + 13783. Is j a prime number?
False
Let r(y) = 51429*y**2 - 318*y - 1235. Is r(-4) composite?
False
Let p be -1 + 5301 - (5 - 7). Suppose p = -2*d + 69976. Suppose 5*z - 14*z = -d. Is z a composite number?
False
Let q(x) = -2*x**2 + 23*x - 8. Let s be q(11). Suppose u = 2*t + 6, 0*t - 26 = s*u + 5*t. Is 5 + -5 + (100 - u)/2 a prime number?
False
Suppose -i + 167 = -160. Suppose -1283 = -5*o + i. Is o + (-2 - -4) - -2 a composite number?
True
Suppose 510887 = 2*h + 969. Is h a composite number?
False
Let j be 1/(3/12) - (4 + 15212). Let s = 25435 + j. Is s a prime number?
True
Let s(k) = -k**3 + 4*k**2 + 7*k - 9. Let w(z) = z**2 + 16*z - 63. Let l be w(-19). Is s(l) a prime number?
False
Let k = 101 + -95. Suppose -3*d = -5*m - 7, -19 = -3*d - m - k. Suppose 1542 = 3*t + 3*y, -d - 11 = 5*y. Is t composite?
True
Suppose 916*x - 1477960 = 828*x. Is x composite?
True
Let v be (14/(-6) + 1)/((-4)/6). Suppose c + 2*j + j = 5510, -22082 = -4*c + v*j. Is c prime?
True
Let o = 181254 - -2224555. Is o prime?
False
Let v = 112508 + 257195. Is v a prime number?
True
Let g(f) = 780*f**2 + 14*f - 12. Let u be g(-8). Suppose 0 = 6*q - 166898 + u. Is q a composite number?
True
Let z be 40316/18 - 12/(-54). Let v be ((-1486)/4)/(3/6). Let r = z + v. Is r a prime number?
False
Suppose -2*a + 9704 = -3*d, 0 = a - 2*d - d - 4843. Is a a prime number?
True
Let f(q) be the second derivative of q**6/360 - q**5/12 + 35*q**4/24 - 13*q**3/6 - 5*q. Let z(t) be the second derivative of f(t). Is z(18) a prime number?
True
Let u be ((-90)/12)/((-6)/4). Is 3/1 - (-2445 - (0 + u)) prime?
False
Is (-4 + 6)*(0 + -1)/(23/(-7986221)) composite?
True
Let s = -118685 + 167788. Is s a prime number?
True
Let m = -25263 - -40100. Is m composite?
True
Let r = 27 - 23. Let f be r + 1 + -3 + 221. Suppose 2*i - u - f = 566, -3*i + 5*u + 1166 = 0. Is i a prime number?
True
Let v be 1/((-1)/1*(-3)/324). Let z = v + 850. Is z a prime number?
False
Suppose 24*p - 256 = 8*p. Let j(c) = -c**3 + 19*c**2 - 17*c + 7. Is j(p) prime?
True
Is (847820/3)/(146/219)*1/2 composite?
True
Let h(f) = -5*f + 89. Let z be h(17). Suppose -z*l - 4*g = -10204, -12767 = -9*l + 4*l - g. Is l a composite number?
True
Suppose -5*v + 4*r + 23 = 0, -13 = -2*v - 3*v - r. Suppose -5*c + 8767 = 4*m - v*m, -c + 1757 = 2*m. Is c a prime number?
True
Suppose -112*d + 482740 + 14675 = -320969. Is d a prime number?
True
Is 207742032/504 + ((-2)/(-8) - 10/(-56)) a prime number?
True
Suppose -860*w = -849*w + 47993. Let h = 20418 - w. Is h composite?
False
Suppose -5*k = 842 - 1117. Let p be 2077/2 - 2/4. Is (p/10)/(11/k) composite?
True
Is -33 - 2135/(-65) - 1364822/(-26) a composite number?
True
Suppose -25*y + 22*y - 24 = 0. Let o be (-3 - -3260)/(-7 - y). Let p = 4656 - o. Is p prime?
True
Suppose -4*v + 300145 = 3*a, 3*a - 8*v = -9*v + 300160. Is a prime?
False
Let n be 1*(-65)/10*(-56)/1. Let t = 786 - n. Is t composite?
True
Suppose -39*k - 15*k + 123*k = 351763863. Is k a composite number?
True
Suppose -137569 = 42*x - 43*x - 5*v, x - 2*v - 137597 = 0. Is x a composite number?
True
Suppose -x - 1 = 4*k, -4*k - 1 + 6 = 3*x. Let y = k + 128. Suppose 2*m - 133 = -u, u = -0*u + 4*m + y. Is u composite?
False
Let b be (-2)/9 + (-48822)/(-27). Suppose 4*x - 2*w - 7250 = 0, 5*x + 2*w = 6*x - b. Is x a prime number?
False
Suppose 0 = 5*i - f - 743728, 5*i = 6*i + 3*f - 148768. Is i a composite number?
False
Let f(p) = 16*p**2 - 8*p - 5. Let w = 86 - 78. Let u(k) = k**3 - 9*k**2 + 8*k + 5. Let o be u(w). Is f(o) a composite number?
True
Let f be 2/4 - (-10)/(-20) - -10. Is f/4*(18976/20 + 12) a prime number?
False
Suppose 4*o - 3*h = 275750, 6*h - 30 = h. Is o a prime number?
False
Suppose 4*r = b + 18, -4*b - 28 = r - 6*r. Let d be 397*(r + 0 + -1). Suppose -5*i - 4643 = -4*a, -4*i - 46 = a - d. Is a a prime number?
False
Let w(g) = g + 1 - 2 + 3 - 4*g**2 + 2195*g**3 + 3117*g**3. Is w(1) prime?
False
Let s = -49 - -51. Suppose -3*h = 5*x - 0*h - 74618, -5*h = s*x - 29832. Suppose 16557 = 19*d - x. Is d a composite num